{"id":996709,"date":"2023-12-14T11:50:04","date_gmt":"2023-12-14T10:50:04","guid":{"rendered":"https:\/\/www.escuelavitae.com\/politica-de-lescola\/"},"modified":"2025-05-14T11:22:53","modified_gmt":"2025-05-14T09:22:53","slug":"politica-de-la-escuela","status":"publish","type":"page","link":"https:\/\/www.escuelavitae.com\/es\/politica-de-la-escuela\/","title":{"rendered":"Pol\u00edtica de la escuela"},"content":{"rendered":"\t\t<div data-elementor-type=\"wp-page\" data-elementor-id=\"996709\" class=\"elementor elementor-996709 elementor-995639\" data-elementor-post-type=\"page\">\n\t\t\t\t\t\t<section class=\"elementor-section elementor-top-section elementor-element elementor-element-f2d6bbc elementor-section-height-min-height elementor-section-boxed elementor-section-height-default elementor-section-items-middle\" data-id=\"f2d6bbc\" data-element_type=\"section\" data-e-type=\"section\" data-settings=\"{&quot;background_background&quot;:&quot;classic&quot;}\">\n\t\t\t\t\t\t<div class=\"elementor-container elementor-column-gap-default\">\n\t\t\t\t\t<div class=\"elementor-column elementor-col-100 elementor-top-column elementor-element elementor-element-8a71e93\" data-id=\"8a71e93\" data-element_type=\"column\" data-e-type=\"column\" data-settings=\"{&quot;background_background&quot;:&quot;classic&quot;}\">\n\t\t\t<div class=\"elementor-widget-wrap\">\n\t\t\t\t\t\t\t<\/div>\n\t\t<\/div>\n\t\t\t\t\t<\/div>\n\t\t<\/section>\n\t\t\t\t<section class=\"elementor-section elementor-top-section elementor-element elementor-element-c90de52 elementor-section-boxed elementor-section-height-default elementor-section-height-default\" data-id=\"c90de52\" data-element_type=\"section\" data-e-type=\"section\" data-settings=\"{&quot;animation&quot;:&quot;none&quot;,&quot;animation_tablet&quot;:&quot;none&quot;,&quot;animation_mobile&quot;:&quot;none&quot;}\">\n\t\t\t\t\t\t<div class=\"elementor-container elementor-column-gap-no\">\n\t\t\t\t\t<div class=\"elementor-column elementor-col-50 elementor-top-column elementor-element elementor-element-fcc1cbc animated-fast pastilla-verde elementor-invisible\" data-id=\"fcc1cbc\" data-element_type=\"column\" data-e-type=\"column\" data-settings=\"{&quot;background_background&quot;:&quot;classic&quot;,&quot;animation&quot;:&quot;fadeIn&quot;,&quot;animation_delay&quot;:100}\">\n\t\t\t<div class=\"elementor-widget-wrap elementor-element-populated\">\n\t\t\t\t\t\t<div class=\"elementor-element elementor-element-aef3bbd elementor-widget elementor-widget-text-editor\" data-id=\"aef3bbd\" data-element_type=\"widget\" data-e-type=\"widget\" data-settings=\"{&quot;_animation&quot;:&quot;none&quot;,&quot;_animation_delay&quot;:300}\" data-widget_type=\"text-editor.default\">\n\t\t\t\t<div class=\"elementor-widget-container\">\n\t\t\t\t\t\t\t\t\t<p>Descubre nuestros Grados Superiores, d\u00f3nde <strong>la excelencia educativa se combina con una formaci\u00f3n pr\u00e1ctica<\/strong>, prepar\u00e1ndote para liderar en tu campo profesional.<\/p>\t\t\t\t\t\t\t\t<\/div>\n\t\t\t\t<\/div>\n\t\t\t\t\t<\/div>\n\t\t<\/div>\n\t\t\t\t<div class=\"elementor-column elementor-col-50 elementor-top-column elementor-element elementor-element-a16cbd6 elementor-hidden-desktop elementor-hidden-tablet elementor-hidden-phone\" data-id=\"a16cbd6\" data-element_type=\"column\" data-e-type=\"column\">\n\t\t\t<div class=\"elementor-widget-wrap\">\n\t\t\t\t\t\t\t<\/div>\n\t\t<\/div>\n\t\t\t\t\t<\/div>\n\t\t<\/section>\n\t\t\t\t<section class=\"elementor-section elementor-top-section elementor-element elementor-element-1fe93e6 elementor-section-boxed elementor-section-height-default elementor-section-height-default\" data-id=\"1fe93e6\" data-element_type=\"section\" data-e-type=\"section\">\n\t\t\t\t\t\t<div class=\"elementor-container elementor-column-gap-no\">\n\t\t\t\t\t<div class=\"elementor-column elementor-col-100 elementor-top-column elementor-element elementor-element-a71d332\" data-id=\"a71d332\" data-element_type=\"column\" data-e-type=\"column\">\n\t\t\t<div class=\"elementor-widget-wrap elementor-element-populated\">\n\t\t\t\t\t\t<div class=\"elementor-element elementor-element-208e3d3 elementor-invisible elementor-widget elementor-widget-text-editor\" data-id=\"208e3d3\" data-element_type=\"widget\" data-e-type=\"widget\" data-settings=\"{&quot;_animation&quot;:&quot;fadeIn&quot;,&quot;_animation_tablet&quot;:&quot;none&quot;,&quot;_animation_mobile&quot;:&quot;none&quot;,&quot;_animation_delay&quot;:300}\" data-widget_type=\"text-editor.default\">\n\t\t\t\t<div class=\"elementor-widget-container\">\n\t\t\t\t\t\t\t\t\t<p>\u00a0<\/p><p><strong>Forma\u2019t en Formaci\u00f3 Professional SL, de ahora en adelante Escuela Vitae<\/strong>, es un centro privado destinado a formar y educar a los j\u00f3venes en la ense\u00f1anza deportiva, ofreciendo ciclos formativos en modalidad presencial ya distancia. Escuela Vitae cuenta con centros en diferentes zonas del territorio Espa\u00f1ol. Nuestro objetivo es contribuir en la formaci\u00f3n deportiva a nivel estatal.<\/p><p>A fin de proporcionar un servicio de calidad que garantice la satisfacci\u00f3n de todos los alumnos y familias y, basado en la mejora continua de todos nuestros procesos, la Escuela Vitae ha desarrollado e implementado un\u00a0<strong>Sistema de Gesti\u00f3n de Calidad de acuerdo con la norma UNE \u2013 eN ISO 9001: 2015<\/strong>\u00a0para aplicarlo a todos los servicios ofrecidos y:<\/p><ul><li><strong>GARANTIZAR<\/strong>\u00a0un servicio de calidad y eficiencia educativa en la modalidad deportiva<\/li><li><strong>ASEGURAR<\/strong>\u00a0la confianza de los alumnos as\u00ed como de las familias<\/li><li><strong>COMUNICAR<\/strong>\u00a0y hacer part\u00edcipes de esta visi\u00f3n a todo el equipo docente y PAS, para que colaboren activamente con la escuela y en la consecuci\u00f3n de sus objetivos y metas<\/li><li><strong>ESTABLECER<\/strong>\u00a0canales de comunicaci\u00f3n permanentes con los alumnos y sus familias, recogiendo sus aportaciones y sugerencias y integr\u00e1ndolas en la mejora de los procesos de la escuela<\/li><li><strong>CUMPLIR<\/strong>\u00a0con todos los requisitos aplicables, tanto los que se derivan del servicio prestado a los interesados, como todos aquellos que la entidad considere oportunos en su avance hacia la mejora continua<\/li><\/ul>\t\t\t\t\t\t\t\t<\/div>\n\t\t\t\t<\/div>\n\t\t\t\t<div class=\"elementor-element elementor-element-c18866d elementor-widget elementor-widget-button\" data-id=\"c18866d\" data-element_type=\"widget\" data-e-type=\"widget\" data-widget_type=\"button.default\">\n\t\t\t\t<div class=\"elementor-widget-container\">\n\t\t\t\t\t\t\t\t\t<div class=\"elementor-button-wrapper\">\n\t\t\t\t\t<a class=\"elementor-button elementor-button-link elementor-size-sm\" href=\"\/wp-content\/uploads\/2023\/12\/NORMAS-DE-ORGANIZACION-Y-FUNCIONAMIENTO-DEL-CENTRO-.pdf\" target=\"_blank\">\n\t\t\t\t\t\t<span class=\"elementor-button-content-wrapper\">\n\t\t\t\t\t\t\t\t\t<span class=\"elementor-button-text\">NORMAS DE ORGANIZACI\u00d3N Y FUNCIONAMIENTO DEL CENTRO<\/span>\n\t\t\t\t\t<\/span>\n\t\t\t\t\t<\/a>\n\t\t\t\t<\/div>\n\t\t\t\t\t\t\t\t<\/div>\n\t\t\t\t<\/div>\n\t\t\t\t<div class=\"elementor-element elementor-element-8055c2b elementor-widget elementor-widget-button\" data-id=\"8055c2b\" data-element_type=\"widget\" data-e-type=\"widget\" data-widget_type=\"button.default\">\n\t\t\t\t<div class=\"elementor-widget-container\">\n\t\t\t\t\t\t\t\t\t<div class=\"elementor-button-wrapper\">\n\t\t\t\t\t<a class=\"elementor-button elementor-button-link elementor-size-sm\" href=\"\/wp-content\/uploads\/2023\/12\/HU-PEC-.pdf\" target=\"_blank\">\n\t\t\t\t\t\t<span class=\"elementor-button-content-wrapper\">\n\t\t\t\t\t\t\t\t\t<span class=\"elementor-button-text\">PROYECTO EDUACTIVO DEL CENTRO<\/span>\n\t\t\t\t\t<\/span>\n\t\t\t\t\t<\/a>\n\t\t\t\t<\/div>\n\t\t\t\t\t\t\t\t<\/div>\n\t\t\t\t<\/div>\n\t\t\t\t\t<\/div>\n\t\t<\/div>\n\t\t\t\t\t<\/div>\n\t\t<\/section>\n\t\t\t\t<\/div>\n\t\t","protected":false},"excerpt":{"rendered":"<p>Descubre nuestros Grados Superiores, d\u00f3nde la excelencia educativa se combina con una formaci\u00f3n pr\u00e1ctica, prepar\u00e1ndote para liderar en tu campo profesional. \u00a0 Forma\u2019t en Formaci\u00f3 Professional SL, de ahora en adelante Escuela Vitae, es un centro privado destinado a formar y educar a los j\u00f3venes en la ense\u00f1anza deportiva, ofreciendo ciclos formativos en modalidad presencial&#8230;<\/p>\n","protected":false},"author":1,"featured_media":0,"parent":0,"menu_order":0,"comment_status":"closed","ping_status":"closed","template":"","meta":{"om_disable_all_campaigns":false,"footnotes":""},"class_list":["post-996709","page","type-page","status-publish","hentry"],"aioseo_notices":[],"_links":{"self":[{"href":"https:\/\/www.escuelavitae.com\/es\/wp-json\/wp\/v2\/pages\/996709","targetHints":{"allow":["GET"]}}],"collection":[{"href":"https:\/\/www.escuelavitae.com\/es\/wp-json\/wp\/v2\/pages"}],"about":[{"href":"https:\/\/www.escuelavitae.com\/es\/wp-json\/wp\/v2\/types\/page"}],"author":[{"embeddable":true,"href":"https:\/\/www.escuelavitae.com\/es\/wp-json\/wp\/v2\/users\/1"}],"replies":[{"embeddable":true,"href":"https:\/\/www.escuelavitae.com\/es\/wp-json\/wp\/v2\/comments?post=996709"}],"version-history":[{"count":16,"href":"https:\/\/www.escuelavitae.com\/es\/wp-json\/wp\/v2\/pages\/996709\/revisions"}],"predecessor-version":[{"id":1015185,"href":"https:\/\/www.escuelavitae.com\/es\/wp-json\/wp\/v2\/pages\/996709\/revisions\/1015185"}],"wp:attachment":[{"href":"https:\/\/www.escuelavitae.com\/es\/wp-json\/wp\/v2\/media?parent=996709"}],"curies":[{"name":"wp","href":"https:\/\/api.w.org\/{rel}","templated":true}]}}

Política de la escuela

<div data-elementor-type="wp-page" data-elementor-id="996709" class="elementor elementor-996709 elementor-995639" data-elementor-post-type="page">
						<section class="elementor-section elementor-top-section elementor-element elementor-element-f2d6bbc elementor-section-height-min-height elementor-section-boxed elementor-section-height-default elementor-section-items-middle" data-id="f2d6bbc" data-element_type="section" data-e-type="section" data-settings="{&quot;background_background&quot;:&quot;classic&quot;}">
						<div class="elementor-container elementor-column-gap-default">
					<div class="elementor-column elementor-col-100 elementor-top-column elementor-element elementor-element-8a71e93" data-id="8a71e93" data-element_type="column" data-e-type="column" data-settings="{&quot;background_background&quot;:&quot;classic&quot;}">
			<div class="elementor-widget-wrap">
							</div>
		</div>
					</div>
		</section>
				<section class="elementor-section elementor-top-section elementor-element elementor-element-c90de52 elementor-section-boxed elementor-section-height-default elementor-section-height-default" data-id="c90de52" data-element_type="section" data-e-type="section" data-settings="{&quot;animation&quot;:&quot;none&quot;,&quot;animation_tablet&quot;:&quot;none&quot;,&quot;animation_mobile&quot;:&quot;none&quot;}">
						<div class="elementor-container elementor-column-gap-no">
					<div class="elementor-column elementor-col-50 elementor-top-column elementor-element elementor-element-fcc1cbc animated-fast pastilla-verde elementor-invisible" data-id="fcc1cbc" data-element_type="column" data-e-type="column" data-settings="{&quot;background_background&quot;:&quot;classic&quot;,&quot;animation&quot;:&quot;fadeIn&quot;,&quot;animation_delay&quot;:100}">
			<div class="elementor-widget-wrap elementor-element-populated">
						<div class="elementor-element elementor-element-aef3bbd elementor-widget elementor-widget-text-editor" data-id="aef3bbd" data-element_type="widget" data-e-type="widget" data-settings="{&quot;_animation&quot;:&quot;none&quot;,&quot;_animation_delay&quot;:300}" data-widget_type="text-editor.default">
				<div class="elementor-widget-container">
									<p>Descubre nuestros Grados Superiores, dónde <strong>la excelencia educativa se combina con una formación práctica</strong>, preparándote para liderar en tu campo profesional.</p>								</div>
				</div>
					</div>
		</div>
				<div class="elementor-column elementor-col-50 elementor-top-column elementor-element elementor-element-a16cbd6 elementor-hidden-desktop elementor-hidden-tablet elementor-hidden-phone" data-id="a16cbd6" data-element_type="column" data-e-type="column">
			<div class="elementor-widget-wrap">
							</div>
		</div>
					</div>
		</section>
				<section class="elementor-section elementor-top-section elementor-element elementor-element-1fe93e6 elementor-section-boxed elementor-section-height-default elementor-section-height-default" data-id="1fe93e6" data-element_type="section" data-e-type="section">
						<div class="elementor-container elementor-column-gap-no">
					<div class="elementor-column elementor-col-100 elementor-top-column elementor-element elementor-element-a71d332" data-id="a71d332" data-element_type="column" data-e-type="column">
			<div class="elementor-widget-wrap elementor-element-populated">
						<div class="elementor-element elementor-element-208e3d3 elementor-invisible elementor-widget elementor-widget-text-editor" data-id="208e3d3" data-element_type="widget" data-e-type="widget" data-settings="{&quot;_animation&quot;:&quot;fadeIn&quot;,&quot;_animation_tablet&quot;:&quot;none&quot;,&quot;_animation_mobile&quot;:&quot;none&quot;,&quot;_animation_delay&quot;:300}" data-widget_type="text-editor.default">
				<div class="elementor-widget-container">
									<p> </p><p><strong>Forma’t en Formació Professional SL, de ahora en adelante Escuela Vitae</strong>, es un centro privado destinado a formar y educar a los jóvenes en la enseñanza deportiva, ofreciendo ciclos formativos en modalidad presencial ya distancia. Escuela Vitae cuenta con centros en diferentes zonas del territorio Español. Nuestro objetivo es contribuir en la formación deportiva a nivel estatal.</p><p>A fin de proporcionar un servicio de calidad que garantice la satisfacción de todos los alumnos y familias y, basado en la mejora continua de todos nuestros procesos, la Escuela Vitae ha desarrollado e implementado un <strong>Sistema de Gestión de Calidad de acuerdo con la norma UNE – eN ISO 9001: 2015</strong> para aplicarlo a todos los servicios ofrecidos y:</p><ul><li><strong>GARANTIZAR</strong> un servicio de calidad y eficiencia educativa en la modalidad deportiva</li><li><strong>ASEGURAR</strong> la confianza de los alumnos así como de las familias</li><li><strong>COMUNICAR</strong> y hacer partícipes de esta visión a todo el equipo docente y PAS, para que colaboren activamente con la escuela y en la consecución de sus objetivos y metas</li><li><strong>ESTABLECER</strong> canales de comunicación permanentes con los alumnos y sus familias, recogiendo sus aportaciones y sugerencias y integrándolas en la mejora de los procesos de la escuela</li><li><strong>CUMPLIR</strong> con todos los requisitos aplicables, tanto los que se derivan del servicio prestado a los interesados, como todos aquellos que la entidad considere oportunos en su avance hacia la mejora continua</li></ul>								</div>
				</div>
				<div class="elementor-element elementor-element-c18866d elementor-widget elementor-widget-button" data-id="c18866d" data-element_type="widget" data-e-type="widget" data-widget_type="button.default">
				<div class="elementor-widget-container">
									<div class="elementor-button-wrapper">
					<a class="elementor-button elementor-button-link elementor-size-sm" href="/wp-content/uploads/2023/12/NORMAS-DE-ORGANIZACION-Y-FUNCIONAMIENTO-DEL-CENTRO-.pdf" target="_blank">
						<span class="elementor-button-content-wrapper">
									<span class="elementor-button-text">NORMAS DE ORGANIZACIÓN Y FUNCIONAMIENTO DEL CENTRO</span>
					</span>
					</a>
				</div>
								</div>
				</div>
				<div class="elementor-element elementor-element-8055c2b elementor-widget elementor-widget-button" data-id="8055c2b" data-element_type="widget" data-e-type="widget" data-widget_type="button.default">
				<div class="elementor-widget-container">
									<div class="elementor-button-wrapper">
					<a class="elementor-button elementor-button-link elementor-size-sm" href="/wp-content/uploads/2023/12/HU-PEC-.pdf" target="_blank">
						<span class="elementor-button-content-wrapper">
									<span class="elementor-button-text">PROYECTO EDUACTIVO DEL CENTRO</span>
					</span>
					</a>
				</div>
								</div>
				</div>
					</div>
		</div>
					</div>
		</section>
				</div>

<p>Descubre nuestros Grados Superiores, dónde la excelencia educativa se combina con una formación práctica, preparándote para liderar en tu campo profesional.   Forma’t en Formació Professional SL, de ahora en adelante Escuela Vitae, es un centro privado destinado a formar y educar a los jóvenes en la enseñanza deportiva, ofreciendo ciclos formativos en modalidad presencial&#8230;</p>
